alculate (1 - -1 - (-12 + 12)) + 1.
3
Calculate -5 + 6 + -4 + 1.
-2
Calculate (-11 - 0 - (-12 + 6)) + -1.
-6
What is 4 - (6 - (3 - 5))?
-4
What is -5 - (6 - 2 - (0 - -5))?
-4
What is the value of -2 + 3 + (-5 - -1) + -1?
-4
-7 + 1 + (7 - 1)
0
-5 + (-7 - (-2 - 10)) + -4
-4
Calculate (1 - 11) + -3 + 9.
-4
What is 2 + 1 + 0 + 8 + -7?
4
(-2 - -3 - (-7 - -9)) + -1
-2
What is the value of (2 - -1) + -5 - -1 - -1?
0
Calculate 1 + 3 + -8 + 10.
6
(-5 + -4 - -5) + 1
-3
Calculate (5 - 10 - -2) + -3 + 1.
-5
What is 2 + -2 + 6 + (0 - 3)?
3
What is the value of (4 - (5 - 3)) + 3?
5
Calculate (4 - 0) + 2 - (5 + -2).
3
Calculate (7 - 4) + -2 + 0 - 5.
-4
2 + 0 + 5 - 3
4
Calculate (5 - (3 - 3)) + -30 + 29.
4
What is 6 + (3 - (6 + -1)) + -3?
1
What is -18 + 8 + (-8 - -10)?
-8
Calculate -31 - -25 - (0 + 0).
-6
Calculate 7 + -9 + -9 + 8.
-3
Calculate (4 - 1) + (-5 - -5).
3
Calculate 1 + 0 - (10 + -14).
5
Evaluate 2 + (0 - (0 + 4)).
-2
What is the value of (5 - 10) + -4 + (3 - -1)?
-5
-78 + 85 - (-1 + 4 + 1)
3
0 + (7 - 4) - -2
5
Calculate 0 - 4 - (0 + 1).
-5
Calculate 7 + (-8 - -11) - 9.
1
What is the value of -5 + 14 - (11 - -2)?
-4
What is -3 - (3 + -5) - (-2 - -3)?
-2
What is (5 - 9) + (-4 - -8)?
0
What is -1 + 1 + 37 + -38 - 5?
-6
What is -1 - (-3 + 8) - -5 - 7?
-8
What is the value of -4 + -6 + (12 - 7)?
-5
What is the value of 1 + -4 + 6 + 0?
3
Evaluate -17 + 21 - (0 - -2 - -6).
-4
What is 4 - (4 - (-6 - -1))?
-5
What is -1 + -7 - -2 - (14 + -22)?
2
Calculate -6 + -6 + 4 + 6.
-2
Calculate -4 + (15 + 4 - 2) + -6.
7
Calculate 1 - 8 - -7 - (1 + -2).
1
2 + (-3 - -3) - (2 + 1)
-1
What is (-5 + 1 - -2) + -1 + -1?
-4
Calculate 2 + -4 + 3 - (-2 - -6).
-3
What is the value of -8 + -2 + -1 + 5 + 1?
-5
Calculate 6 - 13 - 4 - (-6 + 1).
-6
What is (-2 - (0 - (1 + -1))) + 6?
4
4 + -2 - (4 - (0 + -2))
-4
Evaluate -2 + 0 + 2 + (-2 - 2).
-4
Evaluate (2 - -1 - -4) + -4.
3
3 + (-2 - (-1 + -5 + 3))
4
Evaluate 3 + 3 + -9 + 2.
-1
Calculate -2 - (-7 - -2) - 6.
-3
Calculate -7 + (20 - 17 - (0 + 1)).
-5
Evaluate -5 + (4 - -11) + -9.
1
-2 - (5 - (10 + -4 + -1))
-2
What is the value of (-7 - -6 - 5) + (2 - -1)?
-3
(-5 - (5 + -5 + -5)) + 1
1
(9 - 5) + -5 + -1
-2
Evaluate -3 + 14 + -4 + -12.
-5
What is the value of -25 + 5 + 8 + 7?
-5
-1 + 0 + 16 + -9
6
Evaluate 7 - (-6 + (-8 - -29)).
-8
Calculate 0 + -3 + 11 + -7.
1
Calculate -3 - 0 - (15 - 18).
0
0 + -5 + (1 - -10) + -15
-9
-156 + 157 + (-2 + 1 - 3)
-3
-16 - (-3 - 4 - (6 - 6))
-9
What is (3 - 2) + 2 - 3?
0
What is -5 - -20 - 27 - -1?
-11
2 + -8 + 4 + 3
1
-1 + 0 + -17 + 20
2
What is -3 - (-2 - -2) - (-8 - -6)?
-1
Calculate 7 + 1 + -3 + -1.
4
Calculate -1 - (2 + 0 + -7 + 7).
-3
Evaluate 2 + 0 + (-8 - -1).
-5
What is 2 + -3 + -2 + (0 - 1)?
-4
What is the value of -5 - (-20 + -2) - (2 - -6)?
9
0 + -3 - -3 - 1
-1
What is the value of -1 + -2 + (-27 - -26) + 7?
3
-2 - (-1 - (-3 - -4))
0
-17 + (16 - (8 + -2))
-7
Evaluate -1 + 0 + (5 - (4 - 2)).
2
1 - 0 - (8 + -7) - 0
0
What is -3 + -9 + 8 + -8 + 4?
-8
Calculate -3 - (0 - 1) - (3 - 0).
-5
0 - (-1 + 0 - (-1 + -1))
-1
What is -2 - (-3 - (-9 - -3)) - -4?
-1
What is 25 + -28 + -2 + 0?
-5
Evaluate 1 + 1 - (9 - (1 + 8)).
2
What is the value of 5 + (-10 - (-2 + 1 + -3))?
-1
Calculate 2 + -4 + (9 - 4) - 8.
-5
What is the value of 0 + -1 - (4 + 0)?
-5
What is 0 + 0 + 6 + 4 + -4?
6
-6 - -4 - -7 - (9 - 2)
-2
What is (5 - -8) + (2 - 9)?
6
(-7 - -4) + 4 - 1
0
What is (-2 - -3 - -1) + -1 + 0?
1
What is the value of (-2 - 1 - -4) + -1 + -2?
-2
Calculate (-11 - -6) + -12 + 14.
-3
Calculate -5 - -1 - (-3 - -3).
-4
Calculate 7 + (-6 - 4 - -5).
2
Evaluate -109 + 104 - (-1 + -1).
-3
Calculate 6 - (8 - (3 + 4)).
5
Evaluate -2 + (8 - 4) - -3.
5
What is the value of 2 - 0 - (2 - -7)?
-7
Evaluate (0 - -6) + (-3 - 0).
3
20 + -5 + -2 + -3
10
What is -7 + -3 + 0 + 2 + 5?
-3
Evaluate -9 + (15 - 5) + -7.
-6
What is -5 - (2 + -14) - 2?
5
What is the value of -6 + (-4 - -7) - -2?
-1
Evaluate -2 - (5 - 12 - -7).
-2
Calculate (55 - 50) + (-14 - -1).
-8
(1 - 0) + 20 + -25
-4
What is the value of (-3 - (8 - 1)) + 13?
3
What is the value of (-2 - (-3 + 2)) + -12 + 8?
-5
Evaluate -1 + (1 - 3) + (36 - 35).
-2
Calculate 1 + -5 + (4 - (8 + -7)).
-1
Evaluate 36 - 42 - (-2 - 0 - 1).
-3
What is 1 - (-12 + 13 + -9)?
9
What is the value of 0 + (-8 - -11) + (0 - -2)?
5
Evaluate 11 - (6 - 3 - -3).
5
What is the value of -2 + -2 - (-6 - -7 - 1)?
-4
What is the value of (3 - 0) + -6 - -4?
1
-2 + (-6 - 2) + 13
3
Evaluate (6 - (7 + 3)) + 9 - 0.
5
What is the value of (1 - 7) + 4 - 4?
-6
Calculate (-7 - -4 - 8) + 16 + -10.
-5
What is -5 - (1 + (3 - 7))?
-2
Evaluate -11 + -6 + 10 - -5.
-2
(1 - -1) + (-2 - (-14 + 16))
-2
Evaluate -6 - (-4 + (5 - 2)).
-5
What is 100 + -90 - (0 + 2)?
8
Calculate 7 - -12 - 12 - 10.
-3
3 + 10 + -5 + -5 + -5
-2
Calculate 4 + (-6 - -2) + (-1 - -5).
4
Evaluate -4 + 5 + (-2 + -4 - -4).
-1
(1 - -3 - 0) + -5 + 2
1
Evaluate 16 + -6 - (1 - -3).
6
Calculate (-3 - (-3 + 5)) + 6.
1
What is the value of (-5 + -1 - 0) + 1 - -7?
2
What is (2 - 0) + 16 + -10 + -5?
3
What is 6 + -3 + (3 - -1) + -2?
5
What is the value of (32 - 34) + 0 + (1 - 2)?
-3
(2 - -5) + (-1 - 2 - -1)
5
What is the value of (-4 + 2 - -5) + (2 - 5)?
0
What is the value of -9 - -3 - (-9 + (-10 - -17))?
-4
What is -2 + (4 - 0) - (41 - 42)?
3
What is the value of (35 - 36) + -1 + 1?
-1
Calculate 4 + (1 - 2 - 3).
0
What is -6 + 7 + (0 - 1) - 3?
-3
Evaluate 6 + -4 - (6 - (9 - 0)).
5
Evaluate 2 - (4 - 5) - (3 + -4).
4
What is (-14 - -19) + -2 + 6?
9
Evaluate -1 + -1 + -1 - (161 + -156).
-8
Evaluate 0 + 1 + 9 + 1 + -3.
8
-4 - (-4 - (0 - (3 + 2)))
-5
What is the value of 3 + -1 + (3 + -1 - 4)?
0
What is the value of 1 + -2 + 4 + -4?
-1
-1 - (0 - (1 + -5))
-5
3 + -3 + 2 + (5 - 11)
-4
What is the value of 7 - 2 - (-1 - -6)?
0
Evaluate -1 + -3 + -4 + 7.
-1
What is -12 + 11 + -5 + 3?
-3
Evaluate (41 - 34) + 2 + -10.
-1
Calculate (13 + -4 - 1) + -2.
6
-8 - (1 + 9 - 14)
-4
Evaluate 3 - (5 - 0 - (3 + -2)).
-1
What is the value of (-10 - -13) + 4 + 0?
7
What is the value of 0 + (-4 + 7 - (3 - 0))?
0
Evaluate (1 - -7) + (-114 - -114).
8
What is 0 + 3 + (0 - 0) - 0?
3
What is the value of -7 + 4 - (1 - 1)?
-3
What is the value of 1 + -1 - (177 + -181)?
4
Calculate 6 + (-3 + -8 - 2).
-7
What is -7 + 6 + 1 - (-5 + 0)?
5
What is the value of 3 - (1 + -4 + 3 - 0)?
3
What is the value of 13 + 8 + -16 - 11?
-6
-2 + 4 - -1 - 4
-1
What is (-5 + 4 - 2) + 4?
1
What is (-11 - (3 + -17)) + (0 - 2)?
1
-2 + 10 + (-15 - -2)
-5
Calculate -2 - 1 - (-6 - -4 - -3).
-4
-5 + (10 - (14 + -10))
1
What is 10 + 1 - 22 - -11?
0
What is the value of 4 - 8 - 2 - -5?
-1
What is the value of (0 - 1) + (4 - 1) + 1?
3
Calculate -7 + -1 + -22 + 22 + 11.
3
(-3 - 4) + 4 + 4 + -5
-4
What is 6 - (4 - -5 - 3)?
0
Calculate -5 - (-12 + (-2 - -9)).
0
5 + -2 + 3 - 1
5
Calculate (-1 - 2) + -1 + 3.
-1
What is the value of 2 - (-1 - -5) - 1?
-3
What is the value of 3 + -5 + -4 + 3?
-3
(3 - (1 + -3 - -3)) + 3
5
6 + (-1 + (6 - 7) - 11)
-7
3 - (5 + -14 + 6 + 1)
5
What is the value of 6 - (4 + (4 - (5 + 1)))?
4
What is the value of -9 + 2 - -7 - -5?
5
What is the value of 0 + (0 - (-2 - -6) - -1)?
-3
3 + 2 + (-7 - -2)
0
What is the value of -1 + -2 + 1 - 1?
-3
What is the value of -4 + (1 - -3) + -2?
-2
What is (3 - 10) + 4 + 1 + -2?
-4
-7 - (-3 - (0 + -7 + 12))
1
Calculate 1 + (-4 + 2 - -6).
5
Evaluate (8 + -15 - -19) + -3.
9
Evaluate 7 - (6 + -2 + (8 - 10)).
5
Evaluate -14 + (2 - -7) - 1.
-6
What is (2 - -1) + (-3 - -2) + -6?
-4
What is ((-26 - -7) + 8 - -4) + -3?
-10
7 - (-3 + 3 + 3 - -1)
3
What is the value of 5 + -12 - (0 + -10)?
3
Calculate 2 - (-2 + 7 + 0).
-3
Evaluate -4 + 5 + 1 + -2.
0
What is the value of (-6 - -3 - -6) + -6?
-3
Calculate 4 + 0 - (3 - (3 + -7)).
-3
What is 5 + (7 + (0 - 3) - 7)?
2
Evaluate 5 + 0 + -4 + (-3 - -4).
2
What is the value of (19 - (5 + 1)) + -7 + -5?
1
What is the value of 13 - 11 - (1 + 0)?
1
-2 + 3 + 1 + 1 - 7
-4
What is 5 + -10 + 0 - (0 + -1)?
-4
What is -5 - (-1 + 4 + 2 + -4)?
-6
-12 + 15 - (2 + -1)
2
Evaluate 24 + -19 - (-1 - -8).
-2
Evaluate -25 - -20 - (-3 + 6 + -3).
-5
10 - ((-12 - -2) + 19)
1
Calculate 0 + (0 - 3) + 3.
0
Calculate 0 + (4 - -3 - (2 - -2)).
3
What is the value of (-4 - (-12 + 11)) + 3?
0
Calculate 0 - (2 + (-7 - -7)).
-2
5 - (2 + 5) - (-1 + 0)
-1
Evaluate -2 - 2